
Does 6 divide 39336?
True
Is 404856 a multiple of 24?
True
Is 409415 a multiple of 28?
False
Does 10 divide 4665790?
True
Does 50 divide 712856?
False
Is 613632 a multiple of 752?
True
Does 8 divide 848616?
True
Is 368 a factor of 2369654?
False
Is 302004 a multiple of 18?
True
Does 445 divide 2477830?
False
Is 19 a factor of 94545?
False
Does 146 divide 7592?
True
Is 4766300 a multiple of 25?
True
Does 26 divide 91046?
False
Does 9 divide 1469771?
False
Does 43 divide 294249?
True
Does 34 divide 157080?
True
Does 22 divide 4402288?
True
Is 62822 a multiple of 311?
True
Is 944186 a multiple of 9?
False
Is 19 a factor of 351639?
False
Is 93660 a multiple of 13?
False
Is 7952967 a multiple of 1199?
True
Is 1262952 a multiple of 18?
True
Is 801170 a multiple of 26?
False
Does 9 divide 8109?
True
Is 463104 a multiple of 9?
True
Is 773413 a multiple of 586?
False
Does 45 divide 8229?
False
Is 8097167 a multiple of 183?
False
Does 29 divide 451935?
False
Is 190242 a multiple of 6?
True
Is 13 a factor of 2505347?
True
Is 271 a factor of 75430?
False
Does 29 divide 2665709?
True
Is 223386 a multiple of 31?
True
Does 51 divide 135456?
True
Is 94 a factor of 950246?
True
Does 22 divide 221485?
False
Does 30 divide 22556?
False
Is 399 a factor of 537054?
True
Is 19 a factor of 32664?
False
Is 82 a factor of 26176116?
False
Is 8 a factor of 4019125?
False
Does 9 divide 876897?
True
Is 109 a factor of 82949?
True
Is 63161 a multiple of 93?
False
Is 87611 a multiple of 70?
False
Does 24 divide 18705240?
True
Does 44 divide 312664?
True
Is 747543 a multiple of 461?
False
Is 44727 a multiple of 2?
False
Does 22 divide 123416?
False
Does 5 divide 195077?
False
Is 128232 a multiple of 69?
False
Is 11 a factor of 538362?
True
Is 273591 a multiple of 2?
False
Is 12 a factor of 565645?
False
Does 6 divide 81?
False
Is 18 a factor of 114264?
True
Is 200 a factor of 405400?
True
Is 115 a factor of 265973?
False
Does 6 divide 703044?
True
Is 1653918 a multiple of 295?
False
Does 23 divide 384767?
True
Is 605808 a multiple of 144?
True
Is 273 a factor of 2496039?
True
Is 122726 a multiple of 66?
False
Does 959 divide 3319562?
False
Does 481 divide 90909?
True
Is 11 a factor of 63746?
False
Does 220 divide 13860?
True
Is 50483 a multiple of 420?
False
Is 6198984 a multiple of 6?
True
Is 37 a factor of 496092?
False
Is 32 a factor of 40189?
False
Is 674982 a multiple of 1461?
True
Is 159 a factor of 1126942?
False
Is 230853 a multiple of 13?
False
Is 5313654 a multiple of 54?
True
Is 1086406 a multiple of 5?
False
Is 774 a factor of 1743395?
False
Is 533 a factor of 18177188?
False
Is 3 a factor of 1382?
False
Does 113 divide 420134?
True
Is 289 a factor of 8106161?
True
Is 499664 a multiple of 16?
True
Is 701784 a multiple of 108?
True
Is 251328 a multiple of 448?
True
Does 23 divide 113735?
True
Does 211 divide 52075?
False
Is 208721 a multiple of 3?
False
Is 476 a factor of 10637986?
False
Is 486768 a multiple of 48?
True
Is 723888 a multiple of 48?
True
Is 3 a factor of 1781088?
True
Does 126 divide 706230?
True
Does 52 divide 256256?
True
Is 38 a factor of 305634?
True
Does 1257 divide 3420527?
False
Is 370434 a multiple of 258?
False
Does 5 divide 247101?
False
Is 13 a factor of 905775?
True
Is 27 a factor of 530914?
False
Does 50 divide 466100?
True
Is 11 a factor of 71090?
False
Does 359 divide 781543?
True
Is 577779 a multiple of 51?
True
Is 422380 a multiple of 90?
False
Is 72 a factor of 20880?
True
Is 16 a factor of 153424?
True
Does 23 divide 1031688?
True
Does 146 divide 2971203?
False
Is 1620882 a multiple of 9?
True
Is 399140 a multiple of 35?
True
Is 5936968 a multiple of 19?
True
Is 8669176 a multiple of 75?
False
Is 111 a factor of 1115255?
False
Is 298454 a multiple of 100?
False
Is 46938 a multiple of 42?
False
Is 195 a factor of 3492255?
True
Is 34 a factor of 60248?
True
Is 111573 a multiple of 69?
True
Does 1712 divide 3507888?
True
Does 5 divide 3085?
True
Does 13 divide 182364?
True
Does 185 divide 467588?
False
Is 616363 a multiple of 11?
True
Is 2 a factor of 68571?
False
Does 109 divide 2406611?
True
Does 782 divide 23338790?
True
Is 20 a factor of 250165?
False
Is 126 a factor of 14251?
False
Does 11 divide 44372?
False
Does 61 divide 11607241?
False
Does 29 divide 36386?
False
Is 1193202 a multiple of 9?
True
Is 1728840 a multiple of 16?
False
Is 1262115 a multiple of 2?
False
Does 15 divide 49797?
False
Is 171253 a multiple of 189?
False
Does 557 divide 2206517?
False
Is 17 a factor of 2337894?
False
Is 7917150 a multiple of 50?
True
Does 15 divide 1485?
True
Does 711 divide 4066020?
False
Is 4 a factor of 8832?
True
Does 2 divide 8260?
True
Is 122779 a multiple of 19?
False
Does 202 divide 95303?
False
Is 40 a factor of 797200?
True
Is 267464 a multiple of 124?
False
Does 3 divide 2654675?
False
Is 10 a factor of 5110930?
True
Is 58306 a multiple of 295?
False
Is 112 a factor of 248520?
False
Is 27408 a multiple of 12?
True
Does 388 divide 162704?
False
Is 195388 a multiple of 262?
False
Does 128 divide 288279?
False
Is 1114399 a multiple of 3?
False
Does 39 divide 71813?
False
Is 19 a factor of 1502032?
False
Does 5 divide 11595?
True
Is 22 a factor of 8645116?
False
Is 384010 a multiple of 10?
True
Is 549400 a multiple of 25?
True
Is 551 a factor of 4549056?
True
Is 2087 a factor of 16397559?
True
Does 15 divide 566310?
True
Does 59 divide 164?
False
Is 260463 a multiple of 3?
True
Does 526 divide 3118654?
True
Is 5380020 a multiple of 162?
True
Does 4 divide 752746?
False
Is 6 a factor of 5544?
True
Is 429720 a multiple of 120?
True
Is 789632 a multiple of 32?
True
Is 55 a factor of 30030?
True
Does 12 divide 250440?
True
Is 13566 a multiple of 17?
True
Is 7753515 a multiple of 55?
True
Does 674 divide 795320?
True
Is 43 a factor of 379861?
False
Does 97 divide 1309715?
False
Is 8862539 a multiple of 1174?
False
Is 203 a factor of 3230659?
False
Does 391 divide 155130?
False
Is 9 a factor of 397091?
False
Is 1063238 a multiple of 295?
False
Does 6 divide 40838?
False
Does 152 divide 656959?
False
Does 4 divide 1280564?
True
Is 215568 a multiple of 432?
True
Is 42161 a multiple of 8?
False
Is 140 a factor of 189349?
False
Is 15 a factor of 292605?
True
Is 128799 a multiple of 97?
False
Does 34 divide 11760396?
True
Does 233 divide 252572?
True
Is 49 a factor of 1195649?
True
Is 46401 a multiple of 3?
True
Does 193 divide 147452?
True
Is 356 a factor of 4145264?
True
Is 19 a factor of 968397?
False
Does 20 divide 438080?
True
Does 4 divide 21216?
True
Is 6139988 a multiple of 18?
False
Does 13 divide 621868?
True
Does 10 divide 194234?
False
Is 98288 a multiple of 8?
True
Does 26 divide 13057098?
False
Does 840 divide 11961600?
True
Does 29 divide 154338?
True
Does 207 divide 381087?
True
Is 3 a factor of 262?
False
Does 1340 divide 3064762?
False
Is 17 a factor of 55335?
True
Is 988649 a multiple of 70?
False
Is 154528 a multiple of 176?
True
Does 52 divide 147447?
False
Is 269666 a multiple of 46?
False
Does 7 divide 216848?
False
Does 447 divide 119751?
False
Is 4307783 a multiple of 8?
False
Is 250850 a multiple of 50?
True
Is 131 a factor of 393597?
False
Does 3 divide 87918?
True
Is 12 a factor of 2423424?
True
Is 9464 a multiple of 13?
True
Does 55 divide 12591700?
True
Is 156 a factor of 52494?
False
Does 109 divide 197237?
False
Is 871 a factor of 2282430?
False
Is 19702 a multiple of 2?
True
Is 2519947 a multiple of 40?
False
Does 271 divide 214057?
False
Is 9621299 a multiple of 402?
False
Is 185610 a multiple of 38?
False
Is 24 a factor of 4603856?
False
Is 22 a factor of 4390276?
True
Is 46227 a multiple of 74?
False
Is 921159 a multiple of 53?
False
Is 698100 a multiple of 25?
True
Does 154 divide 47894?
True
Is 72450 a multiple of 35?
True
Is 82 a factor of 1033545?
False
Is 20 a factor of 171460?
True
Is 74 a factor of 39722922?
False
Is 60 a factor of 24744?
False
Does 13 divide 1742094?
False
Does 377 divide 224068?
False
Does 13 divide 323674?
True
Is 34 a factor of 4438156?
True
Is 337433 a multiple of 17?
True
Does 80 divide 1425179?
False
Is 6 a factor of 7734012?
True
Is 592158 a multiple of 161?
True
Is 95 a factor of 214415?
True
Does 79 divide 53909?
False
Is 110 a factor of 3481277?
False
Does 40 divide 